, 4*t = -y + 19 + 33. Let c(v) = -t*v**2 + 8*v**3 + 8 - 4*v**3 - 8*v**3 + 2*v**3. What is the units digit of c(-7)?
6
Let c = 5103 + 2080. What is the hundreds digit of c?
1
Let d = 63 - -266. Let p = 43 + d. What is the tens digit of p?
7
Suppose -1643000 + 732880 = -149*v + 3924930. What is the ten thousands digit of v?
3
Let d(q) = 186*q + 27. Let u be d(-2). Let m = u - -642. What is the units digit of m?
7
Let d(v) = 171*v + 23567. What is the ten thousands digit of d(0)?
2
Suppose 26*j = 28*j - 1582. Let h = -365 + j. What is the hundreds digit of h?
4
Let v(k) = -273*k - 87. Let a be v(5). What is the hundreds digit of ((-4)/8)/(1455/a + 1)?
2
Let r(k) = -9*k + 125. Let a be r(15). Suppose -9*i = -6*i - 4*x - 44, 4*i + 2*x = 44. What is the units digit of (-2*i/a)/((-2)/(-25))?
0
Suppose 2*m + 4*i = 574, -i - 244 - 330 = -2*m. What is the tens digit of m?
8
Suppose -625 = 3*s - 2260. Suppose 2*a + 4 - 12 = 0. Suppose -65 = a*q - s. What is the units digit of q?
0
Let d = 4175 + 2740. What is the tens digit of d?
1
Let k = 253 - 251. What is the hundreds digit of (-13)/(143/(-1254))*5/k?
2
Let r(a) = -431*a - 6889. What is the ten thousands digit of r(-61)?
1
Suppose 28 = 8*j + 4. Suppose -109 = j*h - 1444. Let b = 699 - h. What is the hundreds digit of b?
2
Let c be 854 - (0 + 7 - 2). Suppose -4*w - c = -3717. What is the tens digit of w?
1
Let q(g) = -20*g - 14. Let f be q(-6). Suppose -9*l + f + 29 = 0. Suppose 5*p = -4*c + 114, 2*p - 105 - l = -4*c. What is the units digit of c?
1
Suppose -6*n + x + 262895 = -3*n, 2*n - 175218 = -5*x. What is the hundreds digit of n?
6
What is the units digit of (-276)/(-322) + (-368232)/(-28)?
2
Let a(j) = -258*j - 17. Let q be a(-2). Suppose 0 = -3*s - 0*s - m + q, 0 = 5*s - 5*m - 825. What is the hundreds digit of s?
1
Let f be (11/3)/((-4)/(-12)). What is the tens digit of (66/f)/3 - (-131 + 1)?
3
Let h be -2 - (-3)/6 - 15/(-10). Suppose 4*r + h*r = -2*r. What is the units digit of 154 + (0 - (r - -1)) + -2?
1
Let g(j) = 3*j + 1. Let d(t) = -7*t - 2. Let p(b) = 4*d(b) + 9*g(b). Let y be p(-21). Suppose -27*i + 180 = -y*i. What is the tens digit of i?
3
Let k = 19 - -42. Suppose -13*p - 288 - 375 = 0. Let l = k + p. What is the units digit of l?
0
What is the thousands digit of 175674/(-9)*138/(-92)?
9
What is the ten thousands digit of 2/(1 - 233662/233706)?
1
Suppose 3*b = -15 - 3. Let z(w) = -5*w**3 - w**2 + w - 30. Let p(n) = -3*n**3 - n**2 + n - 15. Let l(t) = 7*p(t) - 4*z(t). What is the hundreds digit of l(b)?
1
Let j = -14 + 17. Suppose -3*x + 1287 = 3*z, -j*x + 2*z + 1297 = 3*z. What is the hundreds digit of x?
4
Let k = 795 - 885. What is the units digit of 7491/6 - (k/4)/(-15)?
7
Let k = -22593 + 33880. What is the tens digit of k?
8
Suppose 40*c - 4176 = 6904. Let u be 0 + -136 + 2 - -2. Let r = u + c. What is the units digit of r?
5
Let x be (-5 - 1)/((-27)/18). Let f = x + 0. Suppose -27 = -q + t - 6*t, f*t - 22 = -q. What is the units digit of q?
2
Let x(b) = 4*b**2 + 12*b + 30. Let j be x(-6). Let z = j - -24. Let w = z - -17. What is the units digit of w?
3
What is the tens digit of 2323/23*16/(-12)*(-231)/2?
5
Let z(l) = -l**3 + 2*l**2 + 10*l + 5. Let w(i) = -i**3 + 5*i**2 + 10*i - 14. Let v be w(6). Let f be v*(12/(-8) - -1). What is the units digit of z(f)?
0
Suppose 15*w + 19*w = 83912. What is the hundreds digit of w?
4
Suppose -6*o + 0*o + 4*o = 0. Suppose o = -8*t - 20 + 4. What is the tens digit of 212/8*-1*t?
5
Suppose -c + 1333 = c + g, -3*g + 674 = c. Let u be c/45 + 1/((-9)/(-2)). What is the tens digit of 48*-2*u/(-40)?
3
Let y(s) = 3*s**2 - 3*s - 7. Suppose -4*z = -2*n + 8, 1 = z - 0. Let t be y(n). Suppose 3*a = w - t, 3*w = a + 161 + 72. What is the units digit of w?
7
Suppose 10*d - 365 = 5*d. Suppose -d + 308 = k. What is the units digit of k?
5
Suppose -v - 94 = l, -v = -5*l + 10*l + 482. Let r = 63 + -96. Let a = r - l. What is the units digit of a?
4
Let y be (-11 - -7)/(2*-1). Let f be (y - -8 - 4)*5. Let w = f + 60. What is the tens digit of w?
9
Suppose -235 = -5*b - 2*k, 3*b + k + 0*k - 140 = 0. Suppose i - b = p, -5*i - 4*p = -p - 249. What is the units digit of 12/i - (-246)/8?
1
Suppose -20*a + 726803 = -761557. What is the thousands digit of a?
4
Let s be -4 + 32/(-12)*-3. Suppose -5*i + b = -s*b - 15, -5*i + 6 = -2*b. Suppose i*u + 5*m + 91 = 2*u, 85 = 2*u - 3*m. What is the units digit of u?
8
Suppose 0 = 5*q - n - 35632, -5*q + 20*n = 23*n - 35644. What is the units digit of q?
7
Suppose 12*k - 7*k = 0. Let x be (k + -2)*55/(-22). Let c(r) = r**2 + 6*r - 4. What is the tens digit of c(x)?
5
Let k(n) = n + 1. Let w(z) = -20*z - 14. Let h(c) = 3*k(c) + w(c). Let g be h(-4). Let v = g - -27. What is the units digit of v?
4
Suppose 5*b - l - 2144 = 2756, -l = -b + 980. Let q be b/21*90/7. Suppose 9*g - q = -141. What is the tens digit of g?
5
Let x(u) be the third derivative of 25*u**4/24 + 19*u**3/6 - 124*u**2. What is the tens digit of x(30)?
6
Let v be (6/4)/(15/2010). Let n = -92 + v. Suppose -551 - n = -6*g. What is the tens digit of g?
1
Let w be ((-5)/(-4))/((-949)/(-104) - 9). Let h = w - -157. What is the units digit of h?
7
Let c(o) = 4*o**2 + 4*o**2 + 15*o - 79 - 7*o**2. What is the hundreds digit of c(20)?
6
Suppose 211*p + 554214 - 5589307 = 0. What is the hundreds digit of p?
8
Let s = 487 + -487. Suppose s = -i - 4*i + 2365. What is the hundreds digit of i?
4
Let o = -541 + 4782. What is the hundreds digit of o?
2
Let a be 12/(-20) + 2 - 3/(-5). Suppose 2*w = 3*t + 7*w + 682, a*t + 459 = w. Let p = -53 - t. What is the tens digit of p?
7
Let n be -2 + -1*3 + (-10 - -16). What is the units digit of 1311 - n/2*-4?
3
Let l be 8/(-5)*140/(-8). Suppose -4*j + x + 15 = 0, -5*j - x + 50 = 4*x. Suppose -c = 3*s - l, -70 = -4*c - 3*s + j*s. What is the tens digit of c?
1
Let y(m) = -m**3 - 23*m**2 - 20*m + 49. Let c be y(-22). Suppose -6*t = -c + 11. Let p(v) = 26*v**2 - 2*v - 3. What is the units digit of p(t)?
5
Let x(a) = 6*a**2 + 82*a + 776. What is the hundreds digit of x(-37)?
9
Let s be (-2)/6 + (-29590)/(-30). Let i = 1409 - s. Suppose -2*b - 3*z - i = -5*b, 0 = -4*b - 5*z + 600. What is the hundreds digit of b?
1
Let x(j) = -j**3 - 17*j**2 - 15*j + 18. Let h(y) = y**3 + 20*y**2 - 16. Let k be h(-20). Let c be x(k). What is the tens digit of (98 + c)*(-12)/(-16)?
7
Let g = -12930 + 31873. What is the units digit of g?
3
Let i(l) = 6*l**3 - 18*l**2 - 43*l + 47. What is the thousands digit of i(12)?
7
Let g = 76202 + -45711. What is the units digit of g?
1
What is the tens digit of 31113781/870 + 11/330?
6
Let b(t) = -7*t**3 + 6*t**3 - 3*t**2 + 14*t**3 + 6*t**2 - 4*t**2 + 18 + t. What is the tens digit of b(3)?
6
Suppose -89*z - 28 = -93*z. Let l(d) = 109*d + 63. What is the hundreds digit of l(z)?
8
What is the ten thousands digit of -81*(192*(-12)/18 - 5)?
1
Suppose -12170*q + 12146*q + 656040 = 0. What is the hundreds digit of q?
3
Suppose 0 = -1000*r + 997*r + 3*o + 31260, -5*o + 31260 = 3*r. What is the thousands digit of r?
0
Let r = 3944 + -1869. Let a = r - 971. What is the thousands digit of a?
1
Let o(v) = -197*v**3 + 10. Let i be o(-3). Let x = i - 3661. What is the tens digit of x?
6
Let u be (676/8 + -4)*14. Suppose -u + 1 = -2*c. What is the units digit of c?
3
Let u(d) = 3*d + 15. Let h be u(-6). Let y = -1 + h. What is the tens digit of (2 + 132)/((-8)/y)?
6
Suppose -43*q + 154135 = -11*q - 650217. What is the tens digit of q?
3
Let p = -18261 - -40834. What is the tens digit of p?
7
Suppose -3*w + 608 = -m, 133 = w - 3*m - 67. Let x = 896 - w. What is the tens digit of x?
9
Let o(b) = b**3 - 2*b**2 - 3*b + 5. Let f be o(4). Let i = f + 231. What is the units digit of i?
6
Let j(o) = -98*o + 1. Let x be j(-1). What is the tens digit of (16 - 9)/(3/x)?
3
Let s(l) = 33*l**2 - 25*l + 178. What is the thousands digit of s(7)?
1
Let j = -135 + 125. What is the tens digit of (-5 + (-98 - -8))*8/j?
7
Suppose -52051 = -2*x + 3*h, 5*x = -2*h + 38137 + 91943. What is the hundreds digit of x?
0
What is the thousands digit of 3189 - (9 + -15 + 5)?
3
Let s(k) = 102*k - 2178. What is the hundreds digit of s(63)?
2
Suppose -l + 58 = 25. Suppose -l*h = -32*h - 387. What is the units digit of h?
7
Let j(g) = -55*g - 936. Let o be j(0). L